 183*s + 413. Determine v(-15).
8
Let d(p) = -15*p**3 + 117*p**2 + 2602*p - 20627. Calculate d(8).
-3
Let n(j) = 11982*j - 83877. What is n(7)?
-3
Let x(r) = r**3 - 29*r**2 - 5*r + 519. What is x(27)?
-1074
Let a(s) = 346*s + 28292. What is a(-86)?
-1464
Let c(g) = -4*g + 1199. What is c(-37)?
1347
Let u(i) = 824*i**3 - 19776*i**2 + 233*i - 5588. Calculate u(24).
4
Let h(p) = p**2 - 72*p - 3504. Give h(-41).
1129
Let u(y) = 271*y**2 + 4185*y + 13246. What is u(-11)?
2
Let h(i) = 13*i**3 + 9*i**2 + 26*i + 49. What is h(-4)?
-743
Let k(n) = -n**3 + 7*n**2 - 7735*n + 93521. What is k(12)?
-19
Let f(u) = 2*u**3 - 78*u**2 + 123*u + 146. Give f(38).
1932
Let x(g) = -39*g**2 - 579*g - 2076. Give x(-6).
-6
Let y(f) = 5*f**3 - 849*f**2 + 3630*f - 646000. Calculate y(170).
0
Let o(v) = v**2 - 421*v + 22594. Determine o(63).
40
Let x(w) = w**3 + 20*w**2 - 993*w + 11. Determine x(-43).
183
Let o(n) = -n**3 + 124*n**2 - 168*n + 5058. Determine o(123).
-477
Let u(c) = -11*c**2 + 592*c + 235. Give u(56).
-1109
Let b(c) = 7*c**2 - 587*c + 2178. What is b(4)?
-58
Let v(a) = -791*a - 21797. Determine v(-27).
-440
Let g(u) = 2*u**2 + 3028*u - 33532. Calculate g(11).
18
Let k(g) = 3*g**2 - 88*g - 112. Determine k(32).
144
Let n(q) = q**2 + 215*q - 79948. Calculate n(195).
2
Let r(s) = 5*s**3 - 122*s**2 - 970*s - 34. Give r(-8).
-2642
Let c(q) = -17*q**2 - 53*q - 90. Calculate c(-14).
-2680
Let k(a) = 17*a**2 - 2039*a - 117. What is k(120)?
3
Let t(h) = 3962*h + 83371. Calculate t(-21).
169
Let k(o) = -496*o - 152764. Calculate k(-308).
4
Let k(h) = -h**2 - 164*h - 6053. Calculate k(-108).
-5
Let x(j) = -j**2 - 133*j - 3327. What is x(-41)?
445
Let o(k) = -468*k + 57626. What is o(125)?
-874
Let l(j) = -2*j**2 - 547*j - 36432. Determine l(-158).
66
Let g(j) = -j**3 - 7*j**2 + 151*j - 37. Give g(-14).
-779
Let m(o) = -o**3 - 17*o**2 + 508*o + 3470. Determine m(-6).
26
Let i(t) = -4*t**3 - 21*t**2 - 11*t - 31. Determine i(-8).
761
Let j(u) = 21*u - 1532. Calculate j(63).
-209
Let x(h) = 285305*h - 1426530. What is x(5)?
-5
Let d(i) = -1261*i**2 - 10092*i - 83. Calculate d(-8).
-51
Let k(n) = 23*n**2 + 974*n - 107. Calculate k(-44).
1565
Let x(u) = 2*u**3 + 16*u**2 - 43*u - 181. Determine x(-9).
44
Let i(m) = 166*m + 2082. Calculate i(-11).
256
Let p(z) = z**3 - 231*z**2 - 670*z - 7641. Determine p(234).
-153
Let s(k) = -k**3 - 18*k**2 + 5*k + 76. Give s(-15).
-674
Let d(l) = 6*l**2 - 2603*l - 10418. Calculate d(-4).
90
Let i(y) = -112*y - 20611. Calculate i(-184).
-3
Let c(r) = 530*r - 22263. Determine c(42).
-3
Let g(z) = -65461*z + 523686. Calculate g(8).
-2
Let z(m) = 33317*m - 199623. Calculate z(6).
279
Let v(w) = -20*w**2 - 257*w - 714. Calculate v(-4).
-6
Let s(i) = 4*i**3 + 401*i**2 + 89*i - 993. Determine s(-100).
107
Let s(a) = 182*a - 3267. Give s(21).
555
Let r(s) = -6*s**3 + 33*s**2 + 188*s - 62. Give r(-4).
98
Let c(t) = -6828*t**2 - 33991*t + 731. Give c(-5).
-14
Let c(b) = -b**3 + 114*b**2 - 2519*b + 451. What is c(84)?
535
Let y(c) = -c**3 - 6*c**2 + 457*c + 3109. Calculate y(-7).
-41
Let y(f) = 33*f**2 + 9296*f - 2813. What is y(-282)?
7
Let m(p) = 16*p**2 + 19*p - 17. What is m(-11)?
1710
Let z(w) = 188*w - 21203. Give z(112).
-147
Let j(b) = -7*b**2 + 2977*b - 96353. Calculate j(390).
-23
Let x(d) = 1529*d + 13783. Determine x(-9).
22
Let o(b) = -b**2 + 465*b - 52420. Calculate o(274).
-86
Let o(m) = -7*m**2 + 196*m - 801. Give o(23).
4
Let k(c) = -3*c**2 + 335*c - 6265. Calculate k(24).
47
Let x(s) = 10*s**2 + 599*s - 2723. Give x(-63).
-770
Let n(q) = -11825*q - 993304. Give n(-84).
-4
Let n(w) = 2425*w + 89305. Determine n(-37).
-420
Let s(l) = 3*l**3 + 150*l**2 - 17*l - 2817. Determine s(-50).
-1967
Let w(y) = 16*y**2 - 10*y + 406. Give w(5).
756
Let o(h) = -5*h**3 - 2175*h**2 + 33754*h + 1731. Determine o(-450).
-69
Let v(l) = 48*l**2 + 1295*l + 7840. Calculate v(-9).
73
Let v(s) = -6*s**2 - 21297*s + 63935. Calculate v(3).
-10
Let h(b) = -b**3 - 53*b**2 - 106*b - 239. What is h(-51)?
-35
Let o(x) = 6090*x + 121807. Calculate o(-20).
7
Let m(b) = 3*b**3 - 56*b**2 + 43*b + 288. Give m(17).
-426
Let u(s) = -15*s**3 - 40*s**2 - 12*s - 241. What is u(-6)?
1631
Let i(h) = 12605*h - 125405. Determine i(10).
645
Let z(w) = -2*w**2 - 205*w + 10864. Give z(-141).
7
Let d(r) = -6*r**3 - 626*r**2 - 674*r - 48455. Give d(-104).
9
Let w(j) = 3*j**3 - 686*j**2 - 127*j - 22911. Determine w(229).
447
Let a(i) = -i**3 - 409*i**2 - 7616*i - 2940867. What is a(-408)?
-3
Let j(a) = 6*a**2 - 434*a - 114542. Determine j(179).
18
Let i(b) = 1603*b - 17744. What is i(11)?
-111
Let y(c) = 852*c + 125249. Determine y(-147).
5
Let k(o) = -o**2 - 8*o + 837. Determine k(-32).
69
Let k(h) = 21*h**3 + 3*h**2 - 181*h + 485. Determine k(3).
536
Let l(o) = 4*o**3 + 1239*o**2 - 401*o - 28212. Give l(-310).
-2
Let g(n) = 2*n**2 + 1444*n - 15809. What is g(11)?
317
Let l(b) = 1206*b**2 - 4733*b - 1. Calculate l(4).
363
Let p(g) = 7*g**3 - g**2 + 38*g - 141. Give p(7).
2477
Let v(u) = 65*u**2 - 112*u - 231. Calculate v(6).
1437
Let k(w) = w**2 - 579*w + 69868. What is k(174)?
-602
Let d(t) = 1047*t**2 - 105753*t + 611. What is d(101)?
5
Let k(f) = -113*f**2 - 1482*f - 121. Calculate k(-13).
48
Let l(g) = 6*g**2 - 32371*g + 32370. Calculate l(1).
5
Let f(l) = -40*l**3 + 119*l**2 + 3*l + 8. What is f(3)?
8
Let v(z) = 51212*z - 870601. Calculate v(17).
3
Let y(p) = p**2 - 6460*p - 397768. Calculate y(-61).
13
Let o(j) = 2*j**3 - 13*j**2 + 7122*j - 42696. What is o(6)?
0
Let n(g) = -g**3 - 19463*g**2 + 155754*g + 111. Calculate n(8).
-1
Let z(l) = -l**3 - 120*l**2 - 3404*l - 18261. Calculate z(-7).
30
Let p(s) = -s**3 - 92*s**2 + 456*s - 2701. Give p(-97).
112
Let l(z) = -976*z - 23438. Calculate l(-24).
-14
Let c(n) = -n**3 - 2*n**2 + 40*n + 38. Calculate c(0).
38
Let w(d) = -d**2 - 1603*d - 223227. What is w(-154)?
-81
Let w(v) = -1886*v + 564067. What is w(299)?
153
Let x(j) = 8*j**2 - 167*j + 795. What is x(12)?
-57
Let z(o) = -o**3 - 12*o**2 + 850*o - 3826. What is z(5)?
-1
Let o(f) = -400*f**3 - 4403*f**2 + f - 21. Give o(-11).
-395
Let m(t) = 2*t**3 + 35*t**2 - 286*t - 5444. Determine m(-15).
-29
Let y(g) = 59*g**3 + 53*g**2 + 91*g + 49. Give y(-2).
-393
Let p(l) = 35*l**2 - 4831*l - 251. Give p(138).
-389
Let p(r) = -88*r**2 - 4930*r - 110. Give p(-56).
2
Let f(d) = -8*d**3 - 199*d**2 - 531*d - 155. Determine f(-22).
395
Let q(b) = b**3 + 49*b**2 - 1119*b - 50046. What is q(-52)?
30
Let f(i) = i**2 - 3129*i - 862875. What is f(-255)?
45
Let g(f) = 3*f**2 - 412*f + 1559. What is g(0)?
1559
Let v(r) = 14*r**3 + 1878*r**2 + 210*r - 7810. Determine v(-134).
-38
Let r(x) = x**3 + 362*x**2 - 730*x - 941. Calculate r(-364).
-213
Let c(w) = 679*w**2 + 35949*w - 2021. Give c(-53).
-7
Let t(p) = 7*p - 205. What is t(0)?
-205
Let s(j) = -68*j**3 - 541*j**2 + 16*j - 98. Calculate s(-8).
-34
Let f(s) = -2*s**2 + 110148*s - 660801. Calculate f(6).
15
Let f(z) = -72*z - 270. Determine f(-34).
2178
Let s(q) = -25719*q - 1260215. What is s(-49)?
16
Let r(y) = -4*y**3 - 39*y**2 + 38*y + 619. Calculate r(-11).
806
Let c(m) = -7937*m + 47759. Calculate c(6).
137
Let a(k) = -57*k**2 + 6283*k - 1399. What is a(110)?
31
Let k(o) = 22447*o - 67363. Calculate k(3).
-22
Let u(w) = w**2 + 9076*w + 666131. Determine u(-74).
-17
Let d(y) = -4*y**3 + 54*y**2 - 128*y + 14. Give d(2).
-58
Let n(u) = -4*u**3 - 40*u**2 - 148*u - 2137. Calculate n(-11).
-25
Let a(m) = 1151*m + 743633. What is a(-646)?
87
Let w(u) = 3213660*u - 19281961. What is w(6)?
-1
Let k(n) = -19*n**2 + 1016*n + 7430. Calculate k(60).
-10
Let d(h) = -h**3 - 21*h**2 + 85*h - 178. What is d(-23)?
-1075
Let u(l) = 1866*l - 352015. What is u(189)?
659
Let c(t) = -30*t**3 - 6*t**2 + 21*t + 55. Give c(-3).
748
Let l(r) = r**3 - 18*r**2 - 160*r - 1218. Determine l(26).
30
Let o(f) = 3*f**3 - 563*f**2 + 358*f + 3079. What is o(187)?
87
Let c(m) = 288*m + 1362. Calculate c(2).
1938
Let k(t) = -10*t**2 - 1370*t - 19503. Determine k(-16).
-143
Let d(q) = 3*q**3 + 63*q**2 + 72*q + 296. Determine d(-20).
56
Let f(q) = -2721*q + 54387. Give f(20).
-33
Let t(a) = -70*a**2 - 5882*a - 11. What is t(-84)?
157
Let z(m) = -37440*m - 10183676. Determine z(-272).
4
Let y(d) = -6986*d + 426147. Give y(61).
1
Let r(s) = -71*s + 2606. Give r(33).
263
Let a(